{"version":"1.0","provider_name":"Exme.it","provider_url":"https:\/\/www.exme.it\/wp","author_name":"Davide Milici","author_url":"https:\/\/www.exme.it\/wp\/author\/davide\/","title":"Crisa per Scuole che parlano - Exme.it","type":"rich","width":600,"height":338,"html":"<blockquote class=\"wp-embedded-content\" data-secret=\"xDflspqcaE\"><a href=\"https:\/\/www.exme.it\/wp\/2025\/05\/16\/crisa-per-scuole-che-parlano\/\">Crisa per Scuole che parlano<\/a><\/blockquote><iframe sandbox=\"allow-scripts\" security=\"restricted\" src=\"https:\/\/www.exme.it\/wp\/2025\/05\/16\/crisa-per-scuole-che-parlano\/embed\/#?secret=xDflspqcaE\" width=\"600\" height=\"338\" title=\"&#8220;Crisa per Scuole che parlano&#8221; &#8212; Exme.it\" data-secret=\"xDflspqcaE\" frameborder=\"0\" marginwidth=\"0\" marginheight=\"0\" scrolling=\"no\" class=\"wp-embedded-content\"><\/iframe><script>\n\/*! This file is auto-generated *\/\n!function(d,l){\"use strict\";l.querySelector&&d.addEventListener&&\"undefined\"!=typeof URL&&(d.wp=d.wp||{},d.wp.receiveEmbedMessage||(d.wp.receiveEmbedMessage=function(e){var t=e.data;if((t||t.secret||t.message||t.value)&&!\/[^a-zA-Z0-9]\/.test(t.secret)){for(var s,r,n,a=l.querySelectorAll('iframe[data-secret=\"'+t.secret+'\"]'),o=l.querySelectorAll('blockquote[data-secret=\"'+t.secret+'\"]'),c=new RegExp(\"^https?:$\",\"i\"),i=0;i<o.length;i++)o[i].style.display=\"none\";for(i=0;i<a.length;i++)s=a[i],e.source===s.contentWindow&&(s.removeAttribute(\"style\"),\"height\"===t.message?(1e3<(r=parseInt(t.value,10))?r=1e3:~~r<200&&(r=200),s.height=r):\"link\"===t.message&&(r=new URL(s.getAttribute(\"src\")),n=new URL(t.value),c.test(n.protocol))&&n.host===r.host&&l.activeElement===s&&(d.top.location.href=t.value))}},d.addEventListener(\"message\",d.wp.receiveEmbedMessage,!1),l.addEventListener(\"DOMContentLoaded\",function(){for(var e,t,s=l.querySelectorAll(\"iframe.wp-embedded-content\"),r=0;r<s.length;r++)(t=(e=s[r]).getAttribute(\"data-secret\"))||(t=Math.random().toString(36).substring(2,12),e.src+=\"#?secret=\"+t,e.setAttribute(\"data-secret\",t)),e.contentWindow.postMessage({message:\"ready\",secret:t},\"*\")},!1)))}(window,document);\n\/\/# sourceURL=https:\/\/www.exme.it\/wp\/wp-includes\/js\/wp-embed.min.js\n<\/script>\n","thumbnail_url":"https:\/\/www.exme.it\/wp\/wp-content\/uploads\/2025\/09\/Scuole-che-parlano-3-724x1024.png","thumbnail_width":724,"thumbnail_height":1024,"description":"All\u2019IC Porcu-Satta di via Palestrina, CRISA, i ragazzi della scuola insieme ad un aiutante d\u2019eccezione, Manu Invisible, hanno abbellito la facciata della scuola. Blocchi di colore, natura che si intreccia con i libri, e fenicotteri, simbolo dell\u2019istituto.Un\u2019opera che parla di natura e conoscenza, di bellezza e collaborazione. L'inaugurazione si terr\u00e0 il 23 maggio. Il progetto Scuole che Parlano \u00e8 promosso da Exm\u00e8 & Affini con la Fondazione Domus de Luna e sostenuto dal Comune di Quartu Sant\u2019Elena, grazie al bando per la Coesione sociale, supportato dall'Assessorato ai Servizi sociali e alle Politiche generazionali."}

All’IC Porcu-Satta di via Palestrina, CRISA, i ragazzi della scuola insieme ad un aiutante d’eccezione, Manu Invisible, hanno abbellito la facciata della scuola. Blocchi di colore, natura che si intreccia con i libri, e fenicotteri, simbolo dell’istituto.Un’opera che parla di natura e conoscenza, di bellezza e collaborazione. L'inaugurazione si terrà il 23 maggio. Il progetto Scuole che Parlano è promosso da Exmè & Affini con la Fondazione Domus de Luna e sostenuto dal Comune di Quartu Sant’Elena, grazie al bando per la Coesione sociale, supportato dall'Assessorato ai Servizi sociali e alle Politiche generazionali.
